{"id":608,"date":"2016-05-04T11:59:17","date_gmt":"2016-05-04T11:59:17","guid":{"rendered":"http:\/\/www.inovacafe.ufla.br\/?page_id=608"},"modified":"2018-10-10T13:59:41","modified_gmt":"2018-10-10T13:59:41","slug":"laboratorios-2","status":"publish","type":"page","link":"http:\/\/www.inovacafe.ufla.br\/?page_id=608","title":{"rendered":"Laborat\u00f3rios"},"content":{"rendered":"<h4><strong>ANATOMIA E FISIOLOGIA DO CAFEEIRO<\/strong><\/h4>\n<p style=\"text-align: justify;\"><a href=\"http:\/\/www.inovacafe.ufla.br\/wp-content\/uploads\/2016\/05\/Site-vermelho.png\"><img loading=\"lazy\" class=\"size-medium wp-image-1829 alignleft\" src=\"http:\/\/www.inovacafe.ufla.br\/wp-content\/uploads\/2016\/05\/Site-vermelho-200x300.png\" alt=\"Site vermelho\" width=\"200\" height=\"300\" srcset=\"http:\/\/www.inovacafe.ufla.br\/wp-content\/uploads\/2016\/05\/Site-vermelho-200x300.png 200w, http:\/\/www.inovacafe.ufla.br\/wp-content\/uploads\/2016\/05\/Site-vermelho-685x1024.png 685w, http:\/\/www.inovacafe.ufla.br\/wp-content\/uploads\/2016\/05\/Site-vermelho-660x986.png 660w, http:\/\/www.inovacafe.ufla.br\/wp-content\/uploads\/2016\/05\/Site-vermelho.png 1028w\" sizes=\"(max-width: 200px) 100vw, 200px\" \/><\/a>Em funcionamento desde 2011, o laborat\u00f3rio \u00e9 coordenado pela pesquisadora Dra. Milene Alves de Figueiredo Carvalho da Embrapa Caf\u00e9 e pelo professor da Universidade Federal de Lavras (UFLA), Rubens Jos\u00e9 Guimar\u00e3es. O laborat\u00f3rio \u00e9 assessorado pelas p\u00f3s-doutorandas Dra. Dalyse Toledo Castanheira e Dra. Elis\u00e2ngela Aparecida da Silva.<\/p>\n<p style=\"text-align: justify;\">A cria\u00e7\u00e3o do laborat\u00f3rio resultou em nova linha de pesquisa com grande potencial inovador, pois a produ\u00e7\u00e3o e a utiliza\u00e7\u00e3o dos conhecimentos em anatomia e fisiologia do cafeeiro possibilitar\u00e3o grande economia de tempo e recursos financeiros para os mais variados objetivos de aux\u00edlio \u00e0 cafeicultura.<\/p>\n<p style=\"text-align: justify;\">Como exemplo, pode-se citar a sele\u00e7\u00e3o de cafeeiros em pr\u00e9-melhoramento gen\u00e9tico e a racionaliza\u00e7\u00e3o e otimiza\u00e7\u00e3o do uso da \u00e1gua na cafeicultura. As pesquisas desenvolvidas s\u00e3o transformadas em monografias, disserta\u00e7\u00f5es e teses, al\u00e9m de publica\u00e7\u00f5es em peri\u00f3dicos de impacto no Brasil e exterior. O laborat\u00f3rio tamb\u00e9m contribui com a forma\u00e7\u00e3o de novos pesquisadores e com a qualifica\u00e7\u00e3o de jovens em projetos de inicia\u00e7\u00e3o cient\u00edfica, mestrado, doutorado e p\u00f3s-doutorado.<\/p>\n<p>&nbsp;<\/p>\n<h4><strong>GEN\u00c9TICA MOLECULAR <\/strong><\/h4>\n<p><img loading=\"lazy\" class=\"wp-image-1881 size-medium alignleft\" src=\"http:\/\/www.inovacafe.ufla.br\/wp-content\/uploads\/2016\/05\/lab-de-gen\u00e9tica-300x199.jpg\" alt=\"\" width=\"300\" height=\"199\" srcset=\"http:\/\/www.inovacafe.ufla.br\/wp-content\/uploads\/2016\/05\/lab-de-gen\u00e9tica-300x199.jpg 300w, http:\/\/www.inovacafe.ufla.br\/wp-content\/uploads\/2016\/05\/lab-de-gen\u00e9tica-1024x680.jpg 1024w, http:\/\/www.inovacafe.ufla.br\/wp-content\/uploads\/2016\/05\/lab-de-gen\u00e9tica-200x133.jpg 200w, http:\/\/www.inovacafe.ufla.br\/wp-content\/uploads\/2016\/05\/lab-de-gen\u00e9tica-660x438.jpg 660w\" sizes=\"(max-width: 300px) 100vw, 300px\" \/>O laborat\u00f3rio \u00e9 coordenador pela equipe da Embrapa Caf\u00e9 e atualmente desenvolve pesquisas relacionadas ao DNA de alguns cafeeiros para produzir novas variedades da planta, que devem ser resistentes a algumas doen\u00e7as e ter um ciclo de crescimento mais r\u00e1pido. As pesquisas come\u00e7am na extra\u00e7\u00e3o do DNA de mudas do caf\u00e9, e a partir da\u00ed todo o genoma da folha \u00e9 sequenciado. Com essa an\u00e1lise, \u00e9 poss\u00edvel prever o comportamento das plantas no campo.<\/p>\n","protected":false},"excerpt":{"rendered":"<p>ANATOMIA E FISIOLOGIA DO CAFEEIRO Em funcionamento desde 2011, o laborat\u00f3rio \u00e9 coordenado pela pesquisadora Dra. Milene Alves de Figueiredo&hellip; <a class=\"read-more\" href=\"http:\/\/www.inovacafe.ufla.br\/?page_id=608\">Leia mais <span class=\"screen-reader-text\">Laborat\u00f3rios<\/span><\/a><\/p>\n","protected":false},"author":3,"featured_media":0,"parent":0,"menu_order":0,"comment_status":"closed","ping_status":"closed","template":"","meta":{"_mi_skip_tracking":false},"_links":{"self":[{"href":"http:\/\/www.inovacafe.ufla.br\/index.php?rest_route=\/wp\/v2\/pages\/608"}],"collection":[{"href":"http:\/\/www.inovacafe.ufla.br\/index.php?rest_route=\/wp\/v2\/pages"}],"about":[{"href":"http:\/\/www.inovacafe.ufla.br\/index.php?rest_route=\/wp\/v2\/types\/page"}],"author":[{"embeddable":true,"href":"http:\/\/www.inovacafe.ufla.br\/index.php?rest_route=\/wp\/v2\/users\/3"}],"replies":[{"embeddable":true,"href":"http:\/\/www.inovacafe.ufla.br\/index.php?rest_route=%2Fwp%2Fv2%2Fcomments&post=608"}],"version-history":[{"count":22,"href":"http:\/\/www.inovacafe.ufla.br\/index.php?rest_route=\/wp\/v2\/pages\/608\/revisions"}],"predecessor-version":[{"id":2117,"href":"http:\/\/www.inovacafe.ufla.br\/index.php?rest_route=\/wp\/v2\/pages\/608\/revisions\/2117"}],"wp:attachment":[{"href":"http:\/\/www.inovacafe.ufla.br\/index.php?rest_route=%2Fwp%2Fv2%2Fmedia&parent=608"}],"curies":[{"name":"wp","href":"https:\/\/api.w.org\/{rel}","templated":true}]}}

Laboratórios

<h4><strong>ANATOMIA E FISIOLOGIA DO CAFEEIRO</strong></h4>
<p style="text-align: justify;"><a href="http://www.inovacafe.ufla.br/wp-content/uploads/2016/05/Site-vermelho.png"><img loading="lazy" class="size-medium wp-image-1829 alignleft" src="http://www.inovacafe.ufla.br/wp-content/uploads/2016/05/Site-vermelho-200x300.png" alt="Site vermelho" width="200" height="300" srcset="http://www.inovacafe.ufla.br/wp-content/uploads/2016/05/Site-vermelho-200x300.png 200w, http://www.inovacafe.ufla.br/wp-content/uploads/2016/05/Site-vermelho-685x1024.png 685w, http://www.inovacafe.ufla.br/wp-content/uploads/2016/05/Site-vermelho-660x986.png 660w, http://www.inovacafe.ufla.br/wp-content/uploads/2016/05/Site-vermelho.png 1028w" sizes="(max-width: 200px) 100vw, 200px" /></a>Em funcionamento desde 2011, o laboratório é coordenado pela pesquisadora Dra. Milene Alves de Figueiredo Carvalho da Embrapa Café e pelo professor da Universidade Federal de Lavras (UFLA), Rubens José Guimarães. O laboratório é assessorado pelas pós-doutorandas Dra. Dalyse Toledo Castanheira e Dra. Elisângela Aparecida da Silva.</p>
<p style="text-align: justify;">A criação do laboratório resultou em nova linha de pesquisa com grande potencial inovador, pois a produção e a utilização dos conhecimentos em anatomia e fisiologia do cafeeiro possibilitarão grande economia de tempo e recursos financeiros para os mais variados objetivos de auxílio à cafeicultura.</p>
<p style="text-align: justify;">Como exemplo, pode-se citar a seleção de cafeeiros em pré-melhoramento genético e a racionalização e otimização do uso da água na cafeicultura. As pesquisas desenvolvidas são transformadas em monografias, dissertações e teses, além de publicações em periódicos de impacto no Brasil e exterior. O laboratório também contribui com a formação de novos pesquisadores e com a qualificação de jovens em projetos de iniciação científica, mestrado, doutorado e pós-doutorado.</p>
<p>&nbsp;</p>
<h4><strong>GENÉTICA MOLECULAR </strong></h4>
<p><img loading="lazy" class="wp-image-1881 size-medium alignleft" src="http://www.inovacafe.ufla.br/wp-content/uploads/2016/05/lab-de-genética-300x199.jpg" alt="" width="300" height="199" srcset="http://www.inovacafe.ufla.br/wp-content/uploads/2016/05/lab-de-genética-300x199.jpg 300w, http://www.inovacafe.ufla.br/wp-content/uploads/2016/05/lab-de-genética-1024x680.jpg 1024w, http://www.inovacafe.ufla.br/wp-content/uploads/2016/05/lab-de-genética-200x133.jpg 200w, http://www.inovacafe.ufla.br/wp-content/uploads/2016/05/lab-de-genética-660x438.jpg 660w" sizes="(max-width: 300px) 100vw, 300px" />O laboratório é coordenador pela equipe da Embrapa Café e atualmente desenvolve pesquisas relacionadas ao DNA de alguns cafeeiros para produzir novas variedades da planta, que devem ser resistentes a algumas doenças e ter um ciclo de crescimento mais rápido. As pesquisas começam na extração do DNA de mudas do café, e a partir daí todo o genoma da folha é sequenciado. Com essa análise, é possível prever o comportamento das plantas no campo.</p>

<p>ANATOMIA E FISIOLOGIA DO CAFEEIRO Em funcionamento desde 2011, o laboratório é coordenado pela pesquisadora Dra. Milene Alves de Figueiredo&hellip; <a class="read-more" href="http://www.inovacafe.ufla.br/?page_id=608">Leia mais <span class="screen-reader-text">Laboratórios</span></a></p>
